{"id":37,"date":"2019-09-26T15:17:08","date_gmt":"2019-09-26T13:17:08","guid":{"rendered":"http:\/\/95.142.173.191\/?page_id=37"},"modified":"2025-08-28T16:06:25","modified_gmt":"2025-08-28T14:06:25","slug":"supervision-avec-particulier","status":"publish","type":"page","link":"http:\/\/generation-coach.com\/index.php\/faire-appel-a-un-coach-generation-coach\/supervision-avec-particulier\/","title":{"rendered":"Supervision avec un Particulier"},"content":{"rendered":"\t\t<div data-elementor-type=\"wp-page\" data-elementor-id=\"37\" class=\"elementor elementor-37\">\n\t\t\t\t\t\t<div class=\"elementor-inner\">\n\t\t\t\t<div class=\"elementor-section-wrap\">\n\t\t\t\t\t\t\t\t\t<section class=\"elementor-section elementor-top-section elementor-element elementor-element-46bc99d4 elementor-section-boxed elementor-section-height-default elementor-section-height-default\" data-id=\"46bc99d4\" data-element_type=\"section\">\n\t\t\t\t\t\t<div class=\"elementor-container elementor-column-gap-default\">\n\t\t\t\t\t\t\t<div class=\"elementor-row\">\n\t\t\t\t\t<div class=\"elementor-column elementor-col-100 elementor-top-column elementor-element elementor-element-23199439\" data-id=\"23199439\" data-element_type=\"column\">\n\t\t\t<div class=\"elementor-column-wrap\">\n\t\t\t\t\t\t\t<div class=\"elementor-widget-wrap\">\n\t\t\t\t\t\t\t\t<\/div>\n\t\t\t\t\t<\/div>\n\t\t<\/div>\n\t\t\t\t\t\t\t\t<\/div>\n\t\t\t\t\t<\/div>\n\t\t<\/section>\n\t\t\t\t<section class=\"elementor-section elementor-top-section elementor-element elementor-element-179c34e elementor-section-boxed elementor-section-height-default elementor-section-height-default\" data-id=\"179c34e\" data-element_type=\"section\">\n\t\t\t\t\t\t<div class=\"elementor-container elementor-column-gap-default\">\n\t\t\t\t\t\t\t<div class=\"elementor-row\">\n\t\t\t\t\t<div class=\"elementor-column elementor-col-50 elementor-top-column elementor-element elementor-element-18239d0\" data-id=\"18239d0\" data-element_type=\"column\">\n\t\t\t<div class=\"elementor-column-wrap elementor-element-populated\">\n\t\t\t\t\t\t\t<div class=\"elementor-widget-wrap\">\n\t\t\t\t\t\t<div class=\"elementor-element elementor-element-51936b7 elementor-widget elementor-widget-text-editor\" data-id=\"51936b7\" data-element_type=\"widget\" data-widget_type=\"text-editor.default\">\n\t\t\t\t<div class=\"elementor-widget-container\">\n\t\t\t\t\t\t\t\t<div class=\"elementor-text-editor elementor-clearfix\">\n\t\t\t\t<h3 style=\"text-align: center;\"><span style=\"color: #000080;\"><strong><em>Concr\u00e9tisez vos attentes<\/em><\/strong><\/span><\/h3><h1 style=\"text-align: center;\"><span style=\"color: #000080;\"><strong>!<\/strong><\/span><\/h1><h3 style=\"text-align: center;\"><span style=\"color: #800000;\"><strong>Modalit\u00e9s Pratiques\u00a0\u00a0<\/strong><\/span><\/h3><p style=\"text-align: center;\"><span style=\"text-decoration: underline;\"><span style=\"color: #000080;\"><strong>Choix d&rsquo;un coach<\/strong><\/span><\/span><\/p><p><span style=\"color: #000080;\">Suivez votre<em><strong> senti <\/strong><\/em>lorsqu&rsquo;il vous invite notamment \u00e0 :<\/span><\/p><ul><li><span style=\"color: #000080;\">vous renseigner sur\u00a0 ce qu\u2019est le coaching\u00a0\u00a0<\/span><\/li><li><span style=\"color: #000080;\">lire les \u00e9crits publi\u00e9s par des coach <em>avant de les contacter<\/em><\/span><\/li><li><span style=\"color: #000080;\">\u00e9crire les questions qui n&rsquo;ont pas trouv\u00e9 de r\u00e9ponse notamment :<em>\u00a0<\/em><\/span><ul><li><span style=\"color: #000080;\"><em>sur le parcours du coach<\/em><\/span><\/li><li><span style=\"color: #000080;\"><em>sur les raisons de son choix de ce m\u00e9tier <\/em><\/span><\/li><li><span style=\"color: #000080;\"><em>sur ses outils et la mani\u00e8re de les utiliser<\/em><\/span><\/li><li><span style=\"color: #000080;\"><em>sur ses tarifs<\/em><\/span><\/li><li><span style=\"color: #000080;\">\u2026\u2026<\/span><\/li><\/ul><\/li><li><span style=\"color: #000080;\">contacter <em>plusieurs<\/em> coach<\/span><\/li><li>&#8230;&#8230;&#8230;.<\/li><\/ul><p style=\"text-align: center;\"><span style=\"color: #000080;\"><span style=\"text-decoration: underline;\"><strong>1er entretien gratuit<\/strong><\/span><strong>\u00a0\u00a0\u00a0\u00a0\u00a0<\/strong><strong>\u00a0\u00a0\u00a0\u00a0\u00a0<\/strong><\/span><\/p><p><span style=\"color: #000080;\">Le 1er entretien gratuit d\u20191h est sur RDV<strong>\u00a0\u00a0\u00a0<\/strong><\/span><\/p><ul><li><span style=\"color: #000080;\">au centre G\u00e9n\u00e9ration-Coach<\/span><\/li><li><span style=\"color: #000080;\">ou par t\u00e9l\u00e9phone <\/span><\/li><li><span style=\"color: #000080;\">ou par la plateforme internet : Zoom\u00a0<\/span><\/li><\/ul><p><span style=\"color: #000080;\"><strong><em>Ce 1<sup>er<\/sup> entretien permet notamment de sentir si le coaching est l\u2019outil le mieux appropri\u00e9 pour r\u00e9pondre \u00e0 vos attentes .<\/em><\/strong><\/span><\/p><div><span style=\"color: #000080;\"><strong>\u00a0<\/strong><\/span><\/div><div style=\"text-align: center;\"><span style=\"text-decoration: underline;\"><span style=\"color: #000080;\"><strong>Lieu des s\u00e9ances<\/strong><\/span><\/span><\/div><div>\u00a0<\/div><p align=\"left\"><span style=\"color: #000080;\"><strong>\u00a0\u00a0 &#8211;\u00a0au <span style=\"color: #800000;\">centre G\u00e9n\u00e9ration-Coach<\/span> :<\/strong><\/span><\/p><ul><li><span style=\"color: #000080;\">81 Boulevard Pierre 1er &#8211; <\/span><span style=\"color: #000080;\">33000 <strong>Bordeaux<\/strong><\/span><\/li><li><span style=\"color: #000080;\">52 La Lisi\u00e8re du Golf &#8211; 33260 <strong>La Teste de Buch<\/strong><\/span><\/li><\/ul><div align=\"left\"><span style=\"color: #000080;\">&#8211; et\/ou<strong> <span style=\"color: #800000;\">au t\u00e9l\u00e9phone<\/span><span style=\"color: #800000;\"> :<\/span> 05.57.52.20.49<\/strong><\/span><\/div><div align=\"left\">\u00a0<\/div><div align=\"left\"><span style=\"color: #000080;\"><strong>\u00a0&#8211; <\/strong>et\/ou sur <strong><span style=\"color: #800000;\">ZOOM <\/span>\u00a0<br \/><\/strong><\/span><\/div><div align=\"left\"><span style=\"color: #000080;\"><strong>\u00a0<\/strong><\/span><\/div><div style=\"text-align: center;\" align=\"left\"><span style=\"color: #000080;\"><span style=\"text-decoration: underline;\"><strong>Tarifs<\/strong><\/span><strong><span style=\"text-decoration: underline;\">\u00a0<\/span>\u00a0\u00a0<\/strong><strong>\u00a0\u00a0\u00a0<\/strong><\/span><\/div><div align=\"left\"><span style=\"color: #000080;\"><strong>\u00a0\u00a0\u00a0\u00a0\u00a0\u00a0\u00a0\u00a0\u00a0\u00a0\u00a0\u00a0\u00a0\u00a0\u00a0<\/strong><\/span><\/div><p><span style=\"color: #800000;\"><strong>Coaching : <\/strong><\/span><\/p><div><span style=\"color: #000080;\"><strong>&#8211; 100 \u20acTTC \/ heure<\/strong><\/span><\/div><ul><li><span style=\"color: #000080;\"><em>Suivi intersession gratuit\u00a0(email)<\/em><\/span><\/li><li><span style=\"color: #000080;\"><strong>de d\u00e9couverte du type<\/strong><\/span><span style=\"color: #800000;\"><strong> MBTI <span style=\"color: #000080;\">:<\/span>\u00a0 \u00a0 \u00a0 \u00a0 \u00a0 <\/strong><\/span><strong><span style=\"color: #000080;\">150 \u20ac TTC\/heure<\/span><\/strong><strong style=\"color: #000080;\">\u00a0<\/strong><\/li><\/ul><div align=\"left\">\u00a0<\/div><div style=\"text-align: center;\"><span style=\"color: #000080;\"><span style=\"text-decoration: underline;\"><strong>Modalit\u00e9s de r\u00e8glement<\/strong><\/span><strong><span style=\"text-decoration: underline;\">\u00a0<\/span>\u00a0<\/strong><strong>\u00a0\u00a0\u00a0<\/strong><\/span><\/div><div>\u00a0<\/div><ul><li><span style=\"color: #000080;\"><em>\u00e0 la fin de chaque s\u00e9ance<\/em> pour un coaching r\u00e9alis\u00e9 en face \u00e0 face<\/span><\/li><li><span style=\"color: #000080;\"><em>avant chaque s\u00e9ance<\/em> pour un coaching r\u00e9alis\u00e9 par t\u00e9l\u00e9phone ou par internet<\/span><\/li><li><span style=\"color: #000080;\">par ch\u00e8que ou virement\u00a0\u00a0<\/span><\/li><\/ul>\t\t\t\t\t<\/div>\n\t\t\t\t\t\t<\/div>\n\t\t\t\t<\/div>\n\t\t\t\t\t\t<\/div>\n\t\t\t\t\t<\/div>\n\t\t<\/div>\n\t\t\t\t<div class=\"elementor-column elementor-col-50 elementor-top-column elementor-element elementor-element-ae75d8a\" data-id=\"ae75d8a\" data-element_type=\"column\">\n\t\t\t<div class=\"elementor-column-wrap elementor-element-populated\">\n\t\t\t\t\t\t\t<div class=\"elementor-widget-wrap\">\n\t\t\t\t\t\t<div class=\"elementor-element elementor-element-e0ad22b elementor-widget elementor-widget-text-editor\" data-id=\"e0ad22b\" data-element_type=\"widget\" data-widget_type=\"text-editor.default\">\n\t\t\t\t<div class=\"elementor-widget-container\">\n\t\t\t\t\t\t\t\t<div class=\"elementor-text-editor elementor-clearfix\">\n\t\t\t\t<h3 style=\"text-align: center;\" align=\"justify\"><strong><span style=\"color: #000080;\">Rep\u00e9rez, formulez et mettez en place le changement auquel vous aspirez, <\/span><\/strong><span style=\"color: #000080;\"><strong>en vivant un coaching<\/strong><\/span><\/h3><h2 style=\"text-align: center;\"><span style=\"color: #000080;\">Coaching propos\u00e9s\u00a0\u00a0<\/span><\/h2><h3>\u00a0<\/h3><h3 style=\"text-align: center;\"><span style=\"text-decoration: underline;\"><strong><span style=\"color: #800000; text-decoration: underline;\">Coaching de d\u00e9finition d&rsquo;objectif<\/span><\/strong><\/span><\/h3><p style=\"padding-left: 40px;\"><span style=\"color: #000080;\">Ce coaching se r\u00e9alise en <\/span><strong><span style=\"color: #800000;\">1 <\/span><\/strong><strong style=\"color: #000080;\"><span style=\"color: #800000;\">s\u00e9ance de 3h \u00e0 4h<\/span><\/strong><span style=\"color: #800000;\">\u00a0<\/span><\/p><p style=\"padding-left: 40px;\"><span style=\"color: #000080;\">Le coach notamment :<\/span><\/p><ul><li style=\"list-style-type: none;\"><ul><li><span style=\"color: #000080;\"><strong>fait formuler l&rsquo;objectif<\/strong> poursuivi, <\/span><\/li><li><span style=\"color: #000080;\"><strong>rep\u00e8re <\/strong>ce qui fait <strong>obstacle<\/strong> \u00e0 sa r\u00e9alisation,<\/span><\/li><li><span style=\"color: #000080;\"><strong>fait \u00e9merger<\/strong> ici-maintenant ou \u00e0 distance, les <strong><em>prises de conscience<\/em><\/strong> n\u00e9cessaires \u00e0 sa r\u00e9alisation, aid\u00e9 par ses outils &amp; process<\/span><\/li><li><span style=\"color: #000080;\"><strong>fait s&rsquo;engager <\/strong><em>(contrat bi-partite : coach \/ coach\u00e9),<\/em> par la co-signature d&rsquo;une <strong>fiche<em> \u00ab\u00a0D\u00e9finition d&rsquo;objectif\u00a0\u00bb\u00a0<\/em><\/strong><\/span><\/li><\/ul><\/li><\/ul><h3 style=\"text-align: center;\"><span style=\"text-decoration: underline;\"><strong><span style=\"color: #800000; text-decoration: underline;\">Coaching de r\u00e9alisation d&rsquo;objectif<\/span><\/strong><\/span><\/h3><p style=\"padding-left: 40px;\"><span style=\"color: #000080;\">Ce coaching se r\u00e9alise en plusieurs <span style=\"color: #800000;\"><strong>s\u00e9ances de 1 \u00e0 2h.<\/strong><\/span><\/span><\/p><p style=\"padding-left: 40px;\"><span style=\"color: #000080;\">Le coach notamment :<\/span><\/p><ul><li style=\"list-style-type: none;\"><ul><li><span style=\"color: #000080;\"><strong>fait constater la r\u00e9alisation<\/strong> de l&rsquo;objectif poursuivi,<\/span><span style=\"color: #000080;\">\u00a0<\/span><\/li><li><span style=\"color: #000080;\"><strong>fait \u00e9merger les compr\u00e9hensions<\/strong> des prises de conscience, n\u00e9cessaires \u00e0 la mise en oeuvre des changements<\/span><\/li><li><span style=\"color: #000080;\"><strong>fait s&rsquo;engager<\/strong> <em>(contrat bi-partite : coach \/ coach\u00e9)<\/em>, par la co-signature des fiches : <strong><em>\u00a0\u00bb calendrier de r\u00e9alisation\u00a0\u00bb<\/em> <\/strong>et <strong><em>\u00ab\u00a0d\u00e9finition d&rsquo;objectif\u00a0\u00bb, <\/em><\/strong>cette derni\u00e8re \u00e9tant compl\u00e9t\u00e9e des r\u00e9sultats obtenus.<\/span><\/li><\/ul><\/li><\/ul><h2 style=\"text-align: center;\" align=\"justify\"><span style=\"color: #000080;\">Exemples d&rsquo;objectifs\u00a0<\/span><\/h2><p style=\"text-align: center;\"><span style=\"color: #800000;\">\u00b7 <strong>D\u00e9couverte du sens de vos choix<\/strong><\/span><\/p><p style=\"padding-left: 40px;\"><span style=\"color: #000080;\">Ce coaching notamment :<\/span><\/p><ul><li style=\"list-style-type: none;\"><ul><li><span style=\"color: #000080;\"><strong>audit vos choix ant\u00e9rieurs<\/strong> <em>(personnels et professionnels)<\/em>,<\/span><\/li><li><span style=\"color: #000080;\"><strong>met en \u00e9vidence<\/strong> le <strong>lien<\/strong> existant entre eux, <\/span><\/li><li><span style=\"color: #000080;\"><strong>fait \u00e9merger<\/strong>\u00a0 :<\/span><ul><li><span style=\"color: #000080;\">les prises de conscience amenant \u00e0 la compr\u00e9hension du <strong>sens<\/strong> de votre <strong>parcours de vie<\/strong>.<\/span><span style=\"color: #000080;\">\u00a0<\/span><\/li><li><span style=\"color: #000080;\"><strong>vos motivations, <\/strong>en mettant en \u00e9vidence les liens symboliques existants entre l\u2019ensemble de vos choix pass\u00e9s et pr\u00e9sents.<\/span><\/li><\/ul><\/li><li><span style=\"color: #000080;\"><strong>augmente votre confiance en vous <\/strong>par le regard \u00a0positif qu\u2019il vous permet de porter sur vous-m\u00eame en \u00e9clairant le sens de vos comportements<\/span><\/li><\/ul><\/li><\/ul><p style=\"text-align: center;\"><span style=\"color: #800000;\">\u00b7 <strong>D\u00e9couverte de votre type psychologique<\/strong><\/span><\/p><p style=\"padding-left: 40px;\"><span style=\"color: #000080;\">Ce coaching notamment :<\/span><\/p><ul><li style=\"list-style-type: none;\"><ul><li><span style=\"color: #000080;\"><strong>r\u00e9v\u00e8le le potentiel<\/strong> de votre personnalit\u00e9, notamment les pr\u00e9f\u00e9rences qui orientent naturellement votre fa\u00e7on de communiquer, de prendre vos d\u00e9cisions, d\u2019organisez votre vie, de r\u00e9agir au stress\u2026..<\/span><\/li><li><span style=\"color: #000080;\"><strong>permet :<\/strong><\/span><ul><li><span style=\"color: #000080;\"><strong>de mieux comprendre<\/strong> ce qui vous pousse \u00e0 agir,\u00a0<\/span><\/li><li><span style=\"color: #000080;\">de <strong>d\u00e9finir vos priorit\u00e9s<\/strong>&#8230;..<\/span><\/li><\/ul><\/li><li><span style=\"color: #000080;\"><strong>\u00e9claire les activit\u00e9s <\/strong>dans lesquelles vous serez le plus susceptible de vous \u00e9panouir,<\/span><\/li><li><span style=\"color: #000080;\"><strong>donne des pistes d\u2019actions concr\u00e8tes <\/strong>en \u00e9clairant le stade de d\u00e9veloppement de votre personnalit\u00e9 et les chemins possibles \u00e0 explorer pour l\u2019\u00e9panouir<\/span><\/li><li><span style=\"color: #000080;\"><strong>augmente votre confiance en vous, <\/strong>par le regard positif qu\u2019il vous permet de porter sur vous-m\u00eame<strong>, <\/strong>en \u00e9clairant le sens de vos comportements<\/span><\/li><\/ul><\/li><\/ul><p style=\"padding-left: 40px;\" align=\"justify\"><span style=\"color: #000080;\">Il comprend <\/span><span style=\"color: #000080;\">la d\u00e9couverte notamment :<\/span><\/p><ul><li style=\"list-style-type: none;\"><ul><li><span style=\"color: #000080;\">de votre type psychologique MBTI <\/span><\/li><li><span style=\"color: #000080;\">de la dynamique des diff\u00e9rentes fonctions qui le composent.\u00a0<\/span><\/li><\/ul><\/li><\/ul><p style=\"text-align: center;\"><span style=\"color: #800000;\">\u00b7 <strong>Faire face \u00e0 un changement <i>inattendu<\/i><\/strong><\/span><\/p><p style=\"padding-left: 40px;\"><span style=\"color: #000080;\">Ce coaching notamment :<\/span><\/p><ul><li style=\"list-style-type: none;\"><ul><li><span style=\"color: #000080;\">apporte <strong>\u00e9nergie, apaisement, s\u00e9r\u00e9nit\u00e9, distance int\u00e9rieure, compr\u00e9hension, pl\u00e9nitude, soulagement, confiance en vous\u2026 <\/strong>\u00a0<\/span><\/li><li><span style=\"color: #000080;\">en \u00e9clairant la situation sous un <strong>angle neuf, <\/strong><\/span><\/li><li><span style=\"color: #000080;\">en permettant de faire des <strong>liens symboliques<\/strong> r\u00e9parateurs d\u2019anciennes blessures, <\/span><\/li><li><span style=\"color: #000080;\">en faisant <strong>l\u00e2cher prise<\/strong>, <\/span><\/li><li><span style=\"color: #000080;\">en d\u00e9couvrant <strong>un autre rapport<\/strong> au temps, \u00e0 vous-m\u00eame, aux autres\u2026\u2026\u2026.<\/span><\/li><\/ul><\/li><\/ul>\t\t\t\t\t<\/div>\n\t\t\t\t\t\t<\/div>\n\t\t\t\t<\/div>\n\t\t\t\t\t\t<\/div>\n\t\t\t\t\t<\/div>\n\t\t<\/div>\n\t\t\t\t\t\t\t\t<\/div>\n\t\t\t\t\t<\/div>\n\t\t<\/section>\n\t\t\t\t<section class=\"elementor-section elementor-top-section elementor-element elementor-element-8983d38 elementor-section-boxed elementor-section-height-default elementor-section-height-default\" data-id=\"8983d38\" data-element_type=\"section\">\n\t\t\t\t\t\t<div class=\"elementor-container elementor-column-gap-default\">\n\t\t\t\t\t\t\t<div class=\"elementor-row\">\n\t\t\t\t\t<div class=\"elementor-column elementor-col-100 elementor-top-column elementor-element elementor-element-9097168\" data-id=\"9097168\" data-element_type=\"column\">\n\t\t\t<div class=\"elementor-column-wrap elementor-element-populated\">\n\t\t\t\t\t\t\t<div class=\"elementor-widget-wrap\">\n\t\t\t\t\t\t<div class=\"elementor-element elementor-element-a7236ec elementor-widget elementor-widget-text-editor\" data-id=\"a7236ec\" data-element_type=\"widget\" data-widget_type=\"text-editor.default\">\n\t\t\t\t<div class=\"elementor-widget-container\">\n\t\t\t\t\t\t\t\t<div class=\"elementor-text-editor elementor-clearfix\">\n\t\t\t\t\t\t\t\t\t<\/div>\n\t\t\t\t\t\t<\/div>\n\t\t\t\t<\/div>\n\t\t\t\t\t\t<\/div>\n\t\t\t\t\t<\/div>\n\t\t<\/div>\n\t\t\t\t\t\t\t\t<\/div>\n\t\t\t\t\t<\/div>\n\t\t<\/section>\n\t\t\t\t\t\t\t\t\t<\/div>\n\t\t\t<\/div>\n\t\t\t\t\t<\/div>\n\t\t","protected":false},"excerpt":{"rendered":"<p>Concr\u00e9tisez vos attentes ! Modalit\u00e9s Pratiques\u00a0\u00a0 Choix d&rsquo;un coach Suivez votre senti lorsqu&rsquo;il vous invite notamment \u00e0 : vous renseigner [&hellip;]<\/p>\n","protected":false},"author":1,"featured_media":0,"parent":505,"menu_order":0,"comment_status":"closed","ping_status":"closed","template":"","meta":{"spay_email":""},"_links":{"self":[{"href":"http:\/\/generation-coach.com\/index.php\/wp-json\/wp\/v2\/pages\/37"}],"collection":[{"href":"http:\/\/generation-coach.com\/index.php\/wp-json\/wp\/v2\/pages"}],"about":[{"href":"http:\/\/generation-coach.com\/index.php\/wp-json\/wp\/v2\/types\/page"}],"author":[{"embeddable":true,"href":"http:\/\/generation-coach.com\/index.php\/wp-json\/wp\/v2\/users\/1"}],"replies":[{"embeddable":true,"href":"http:\/\/generation-coach.com\/index.php\/wp-json\/wp\/v2\/comments?post=37"}],"version-history":[{"count":75,"href":"http:\/\/generation-coach.com\/index.php\/wp-json\/wp\/v2\/pages\/37\/revisions"}],"predecessor-version":[{"id":3391,"href":"http:\/\/generation-coach.com\/index.php\/wp-json\/wp\/v2\/pages\/37\/revisions\/3391"}],"up":[{"embeddable":true,"href":"http:\/\/generation-coach.com\/index.php\/wp-json\/wp\/v2\/pages\/505"}],"wp:attachment":[{"href":"http:\/\/generation-coach.com\/index.php\/wp-json\/wp\/v2\/media?parent=37"}],"curies":[{"name":"wp","href":"https:\/\/api.w.org\/{rel}","templated":true}]}}