{"id":636,"date":"2019-10-08T15:30:39","date_gmt":"2019-10-08T13:30:39","guid":{"rendered":"http:\/\/www.generation-coach.com\/?page_id=636"},"modified":"2025-08-28T16:05:18","modified_gmt":"2025-08-28T14:05:18","slug":"developper-son-activite-de-coach","status":"publish","type":"page","link":"https:\/\/generation-coach.com\/index.php\/developper-son-activite-de-coach\/","title":{"rendered":"D\u00e9velopper son activit\u00e9 de coach"},"content":{"rendered":"\t\t<div data-elementor-type=\"wp-page\" data-elementor-id=\"636\" class=\"elementor elementor-636\">\n\t\t\t\t\t\t<div class=\"elementor-inner\">\n\t\t\t\t<div class=\"elementor-section-wrap\">\n\t\t\t\t\t\t\t\t\t<section class=\"elementor-section elementor-top-section elementor-element elementor-element-136592ac elementor-section-boxed elementor-section-height-default elementor-section-height-default\" data-id=\"136592ac\" data-element_type=\"section\">\n\t\t\t\t\t\t<div class=\"elementor-container elementor-column-gap-default\">\n\t\t\t\t\t\t\t<div class=\"elementor-row\">\n\t\t\t\t\t<div class=\"elementor-column elementor-col-100 elementor-top-column elementor-element elementor-element-36624dcc\" data-id=\"36624dcc\" data-element_type=\"column\">\n\t\t\t<div class=\"elementor-column-wrap elementor-element-populated\">\n\t\t\t\t\t\t\t<div class=\"elementor-widget-wrap\">\n\t\t\t\t\t\t<div class=\"elementor-element elementor-element-6d0d64d elementor-widget elementor-widget-text-editor\" data-id=\"6d0d64d\" data-element_type=\"widget\" data-widget_type=\"text-editor.default\">\n\t\t\t\t<div class=\"elementor-widget-container\">\n\t\t\t\t\t\t\t\t<div class=\"elementor-text-editor elementor-clearfix\">\n\t\t\t\t<p><!-- wp:paragraph --><\/p>\n<h3 style=\"text-align: center;\"><strong><span style=\"color: #000080;\">D\u00e9couvrez comment d\u00e9velopper votre activit\u00e9 de coach <span style=\"color: #800000;\">sans prospecter<em>\u00ab\u00a0dans le dur\u00a0\u00bb <\/em><\/span><\/span><\/strong><strong style=\"font-size: 16px;\"><span style=\"color: #000080;\">\u00a0<br \/><\/span><\/strong><\/h3>\n<p>\u00a0<\/p>\n<table width=\"343\">\n<tbody>\n<tr>\n<td style=\"text-align: center;\" width=\"101\">\n<p><strong><span style=\"color: #000080;\">En individuel<\/span><\/strong><\/p>\n<p>\u00a0<\/p>\n<\/td>\n<td style=\"text-align: center;\" colspan=\"2\" width=\"242\">\n<p><strong><span style=\"color: #000080;\">En groupe<\/span><\/strong><\/p>\n<p>\u00a0<\/p>\n<p>\u00a0<\/p>\n<\/td>\n<\/tr>\n<tr>\n<td style=\"text-align: center;\" colspan=\"2\"><a href=\"http:\/\/www.generation-coach.com\/index.php\/formations-et-evenements-associes\/les-journees-supervision\/\"><strong><span style=\"color: #800000;\">Supervision<\/span><\/strong><\/a><\/td>\n<td style=\"text-align: center;\" width=\"112\"><a href=\"http:\/\/www.generation-coach.com\/index.php\/developper-son-activite-de-coach\/ateliers-resolutions\/\"><strong><span style=\"color: #800000;\">Ateliers R\u00e9solutions(+)<\/span><\/strong><\/a><\/td>\n<\/tr>\n<tr>\n<td style=\"text-align: center;\">\u00a0<\/td>\n<td style=\"text-align: center;\" width=\"130\"><a href=\"http:\/\/www.generation-coach.com\/index.php\/formations-et-evenements-associes\/les-journees-supervision\/\"><strong><span style=\"color: #800000;\">Ateliers Cr\u00e9-Actions(+)<\/span><\/strong><\/a><\/td>\n<td style=\"text-align: center;\">\u00a0<\/td>\n<\/tr>\n<\/tbody>\n<\/table>\n<p><!-- \/wp:paragraph --><\/p>\t\t\t\t\t<\/div>\n\t\t\t\t\t\t<\/div>\n\t\t\t\t<\/div>\n\t\t\t\t\t\t<\/div>\n\t\t\t\t\t<\/div>\n\t\t<\/div>\n\t\t\t\t\t\t\t\t<\/div>\n\t\t\t\t\t<\/div>\n\t\t<\/section>\n\t\t\t\t\t\t\t\t\t<\/div>\n\t\t\t<\/div>\n\t\t\t\t\t<\/div>\n\t\t","protected":false},"excerpt":{"rendered":"<p>D\u00e9couvrez comment d\u00e9velopper votre activit\u00e9 de coach sans prospecter\u00ab\u00a0dans le dur\u00a0\u00bb \u00a0 \u00a0 En individuel \u00a0 En groupe \u00a0 \u00a0 [&hellip;]<\/p>\n","protected":false},"author":1,"featured_media":0,"parent":0,"menu_order":0,"comment_status":"closed","ping_status":"closed","template":"","meta":{"spay_email":""},"_links":{"self":[{"href":"https:\/\/generation-coach.com\/index.php\/wp-json\/wp\/v2\/pages\/636"}],"collection":[{"href":"https:\/\/generation-coach.com\/index.php\/wp-json\/wp\/v2\/pages"}],"about":[{"href":"https:\/\/generation-coach.com\/index.php\/wp-json\/wp\/v2\/types\/page"}],"author":[{"embeddable":true,"href":"https:\/\/generation-coach.com\/index.php\/wp-json\/wp\/v2\/users\/1"}],"replies":[{"embeddable":true,"href":"https:\/\/generation-coach.com\/index.php\/wp-json\/wp\/v2\/comments?post=636"}],"version-history":[{"count":35,"href":"https:\/\/generation-coach.com\/index.php\/wp-json\/wp\/v2\/pages\/636\/revisions"}],"predecessor-version":[{"id":3373,"href":"https:\/\/generation-coach.com\/index.php\/wp-json\/wp\/v2\/pages\/636\/revisions\/3373"}],"wp:attachment":[{"href":"https:\/\/generation-coach.com\/index.php\/wp-json\/wp\/v2\/media?parent=636"}],"curies":[{"name":"wp","href":"https:\/\/api.w.org\/{rel}","templated":true}]}}